e 3*u + 36 = -3*a, 0 = 4*a - 2*u + 3*u + 36. Let p = a - -85. What are the prime factors of p?
7, 11
Let h = -341 + 558. What are the prime factors of h?
7, 31
List the prime factors of 5/(36/177 - (-2)/(-10)).
5, 59
Let q(o) = -5*o**3 + 4*o**2 + 5*o + 16. What are the prime factors of q(-5)?
2, 179
Let l(b) = b**2 + 6*b + 3. Let a be -6 + (-2 + 2)/(-2). Let r be l(a). Suppose 23 = r*m - 7. What are the prime factors of m?
2, 5
What are the prime factors of 410 + 1/(-2 - -1)?
409
What are the prime factors of 8/(8/2265)*2/6?
5, 151
Let x be (-20)/(-10)*(-2)/(-4). Let u(d) = -4*d**2 - 10*d + 4. Let y(s) = s**2 + s + 1. Let f(a) = x*u(a) + 3*y(a). What are the prime factors of f(-6)?
13
Suppose 0 = 8*y - 2*y - 4464. Suppose 10*v + 104 - y = 0. List the prime factors of v.
2
Suppose z = -5*t + 37, -2*z + 4*t + 35 = z. Let j = 158 - z. What are the prime factors of j?
3, 47
Let g be 2/6*3 - (-1 - 1). Suppose -3*p + 2*v + 649 = -g*v, -12 = -3*v. What are the prime factors of p?
223
Suppose 2*b = 2*x + 16, 4 = -3*x - 5. Suppose 0 = 2*i + b*s + 99 + 36, 2*i - 2*s = -128. Let r = 108 + i. List the prime factors of r.
43
Let y(b) = -9*b + 75. Let a be y(8). List the prime factors of -2 + (-9 - -2) + a + 132.
2, 3, 7
Let u(v) = -5*v + v - 5*v + 2. Suppose -17*o = -21*o - 8. What are the prime factors of u(o)?
2, 5
Let d be 65/1*18/(-45). Let k be 331/7 + d/91. Let z = k + -27. List the prime factors of z.
2, 5
Let u(l) = l**3 + 9*l**2 - 9*l - 13. Let m be (-1)/(5/5) - (7 + -2). List the prime factors of u(m).
149
Let p be (-2 + -1)/((-3)/(-4)). Let n be 1 - 50*(-2)/p. Let v = n + 40. What are the prime factors of v?
2
Let k(q) = q - 3. Let d be k(3). Suppose d = -3*b - 78 + 402. Suppose b = 4*w + 8. List the prime factors of w.
5
Suppose -410 = -5*p - 2*i, 2*p - 250 = -p - 2*i. Suppose -6*s = -2*s + p. Let n = s - -40. What are the prime factors of n?
2, 5
Suppose -2*p - 1243 = -3*r - 167, -4*r = -p - 1443. What are the prime factors of r?
2, 181
Let u be -4 - ((9 - 4) + -18). Suppose v - 4*b + 22 = u, 5 = b. What are the prime factors of v?
7
Let h(n) = -n + 44. Let w be 0 - 34*(-4)/(-8). What are the prime factors of h(w)?
61
Suppose 363 + 267 = 3*g. What are the prime factors of ((-66)/55)/((-4)/g)?
3, 7
Let h(p) = 75*p - 26. List the prime factors of h(5).
349
List the prime factors of 8/60 - (1 - (-99309)/(-45)).
2, 1103
Let j(y) = 2*y**2 + 3*y + 3. Let k be j(-3). Suppose k = 4*h - 52. What are the prime factors of h?
2
Let c(f) be the second derivative of 5*f**3/6 - f**2/2 + f. Let h(t) = 10*t - 3. Let r(k) = -9*c(k) + 4*h(k). What are the prime factors of r(-7)?
2
Let x(z) = -z**3 - 6*z**2 + 3*z + 5. Let c = 42 - 49. List the prime factors of x(c).
3, 11
Let u be (-596)/7 + 1 - (-10)/70. Let k = 116 + u. What are the prime factors of k?
2
Let b be (-6)/2 - 21/(-7). Suppose j = -b*j + 147. What are the prime factors of j?
3, 7
Suppose 22*g + 13*g - 146965 = 0. What are the prime factors of g?
13, 17, 19
Let n(u) = u**2 + 40*u + 29. Let w be n(-20). Let z = 674 + w. What are the prime factors of z?
3, 101
Suppose 1183 - 3739 = -6*z. What are the prime factors of z?
2, 3, 71
Suppose 2*j - 8 = m, -j - 20 = -5*j. Suppose z = -m*a + 18, -3*a + 26 + 12 = 2*z. List the prime factors of z.
2, 11
Let u = -185 + 436. List the prime factors of u.
251
Let n(y) be the third derivative of 19*y**5/10 + y**4/8 - 16*y**2. List the prime factors of n(1).
3, 13
Let f be 4 - 7 - -4 - -1. Suppose -3*b = -n - 43, -7 = f*b - 4*n - 29. What are the prime factors of b?
3, 5
Let d = -1756 + 5501. What are the prime factors of d?
5, 7, 107
Let w(r) = 6*r**3 - 85*r**2 - 40*r + 8. List the prime factors of w(16).
2, 3, 7, 13
Suppose -7*c + 4*c = 0. Suppose -h + 81 = u, 2*h - 10 + 2 = c. List the prime factors of u.
7, 11
Let j be 24/56 - (-190)/14. Suppose -6*t = j + 10. What are the prime factors of (4/(-10))/(t/460)?
2, 23
Let t(m) = 13*m**2 + 3*m + 2. Let x be t(-1). Let c = x - -3. What are the prime factors of c?
3, 5
Suppose -6*k = -8*k. Suppose k = -3*z - 36. Let r(w) = w**3 + 11*w**2 - 15*w - 9. What are the prime factors of r(z)?
3
Let m be -2 - (1/1 - 16). Suppose -15 - m = 4*x. List the prime factors of (8/(-3))/(x/126).
2, 3
Suppose 4*f + o = 2460, -8*o + 9*o - 1228 = -2*f. List the prime factors of f.
2, 7, 11
Let z(m) = -143*m + 510. List the prime factors of z(-18).
2, 3, 257
List the prime factors of (-7)/35 + 5212*(-1)/(-10).
521
Let k(q) = -6*q**2 - 7*q + 6. Let c(p) = 5*p**2 + 7*p - 6. Let a(r) = 7*c(r) + 6*k(r). Let n be a(5). Suppose -n*j = -j - 66. List the prime factors of j.
2, 11
Suppose -7*w + 12*w = 0. Suppose 0*s - 2*s + 162 = w. List the prime factors of s.
3
Suppose -2*o = 3*p - 4312, 0 = -2*o + 3*p + 2207 + 2093. List the prime factors of o.
2153
Let n = -1786 - -4132. What are the prime factors of n?
2, 3, 17, 23
Suppose -3*v + 5*k = -6*v - 79, -4*v = 5*k + 107. Let h = 28 + v. Suppose h = -9*x + x + 96. What are the prime factors of x?
2, 3
Let y be 1230/70 - (-4)/(-7). Let o(d) = d - 15. What are the prime factors of o(y)?
2
Suppose -166 = -2*p + 140. List the prime factors of p.
3, 17
Let k = 126 + -33. Let o be 8/20 - k/(-5). Suppose u = o + 7. List the prime factors of u.
2, 13
Let o(r) = r - 7. Let u be o(0). Let a = u + 10. Suppose a*x = -15, -5*l + 165 = 6*x - 2*x. What are the prime factors of l?
37
Suppose -h = -3*h + 2*x - 4, -3*x + 24 = 3*h. Let y = -19 + 25. Suppose -h*m - 129 = -y*m. What are the prime factors of m?
43
Let m(i) = 2*i**2 + 4*i + 3. Let p = 0 - -5. Let g be p/(-2) - (-21)/(-14). List the prime factors of m(g).
19
Let q be 242/(-132) - (-1)/(-6). List the prime factors of (q + 4)*57/2.
3, 19
Let x(g) = -2*g - 7. Let n be x(-10). Suppose u + n = -3*v, -3*u - u + v = -13. Let p = 18 - u. List the prime factors of p.
2
Let y = -86 + 91. Suppose y*g - 1340 = 5*c, 0*g + g = -5*c + 262. List the prime factors of g.
3, 89
Suppose -4469 = -19*y + 7900. List the prime factors of y.
3, 7, 31
Suppose 0*m - m = 1, 4*k - 3*m - 2199 = 0. Suppose 0 = 6*y - k + 141. List the prime factors of y.
2, 17
Suppose 0 = -2*z - 4*o - 8 - 0, 2*z - 2*o = 10. List the prime factors of (-511)/(-14) - z/4.
2, 3
Let k = 9 - 7. Suppose 44 = 2*m + k*m. Suppose 4*o - 65 = m. What are the prime factors of o?
19
Let v be (-2250)/(-35) - (-2)/(-7). Suppose 2*a + 0*a = v. Suppose -4*h + 2*h - 2*g + 8 = 0, a = 5*h + g. What are the prime factors of h?
7
Let h(l) = 56*l + 25. Let s be h(-5). Let c = s + 455. List the prime factors of c.
2, 5
Let v = 5 + -8. List the prime factors of (v/2)/(10/(-60)).
3
Suppose 49869 + 100131 = 75*r. What are the prime factors of r?
2, 5
Let p be ((-6)/4)/(24/(-128)). Let g(f) = -19*f + p*f + 7*f. List the prime factors of g(-9).
2, 3
Let i = 473 + -363. What are the prime factors of i?
2, 5, 11
Suppose -w = 5*s + 19, -4*w + w - s = 1. Suppose 5*m = 86 - w. Let i = m + -7. List the prime factors of i.
2, 5
Suppose 23*f = -4183 + 11865. What are the prime factors of f?
2, 167
Let w(f) = 76*f - 116. What are the prime factors of w(11)?
2, 3, 5
Let c(s) = s**3 + s**2 - s + 133. Let t be c(0). Suppose -2*i = -2*q + 122, 3*i + 56 = -q + t. List the prime factors of q.
5, 13
Suppose 5107 = -12*l + 57415. What are the prime factors of l?
3, 1453
Let r = -2 + 16. Let m be -66*(r/(-4) - -3). Suppose 0 = 5*q + 4*i - 86, -2*q - 2*i + 3 = -m. List the prime factors of q.
2, 7
Suppose -18*s - 72 = -22*s. What are the prime factors of (-54)/s + (35 - -1)?
3, 11
What are the prime factors of (-1)/(-8) - (-140597)/472?
2, 149
Let q(f) = f - 1. Let b(c) = 27*c - 42. Let n(x) = -b(x) + 18*q(x). List the prime factors of n(-12).
2, 3, 11
Suppose 24*d = 19*d - 30. What are the prime factors of (55 + 0 + -1)*(-10)/d?
2, 3, 5
Let k = 638 - -391. What are the prime factors of k?
3, 7
What are the prime factors of 295 + -3 + -2*(5 + -4)?
2, 5, 29
Let z be 1*(1 - (2 + 2)). Let s be ((-2)/4)/(z/(-318)). Let c = s + 77. List the prime factors of c.
2, 3
Let r be 13/(-13) - (-1 + 6). What are the prime factors of (r/(-9))/((-2)/(-96))?
2
Let a(g) = 2*g**3 - 353 + 7*g + 26*g**2 + 357 - 33*g**2. Let b be (-6 + 1)*8/(-10). List the prime factors of a(b).
2, 3
List the prime factors of 2190/9*357/35.
2, 17, 73
Let s(n) = 39*n**2 - 485*n + 5. List th